{"id":12,"date":"2008-09-20T05:42:34","date_gmt":"2008-09-20T03:42:34","guid":{"rendered":"http:\/\/www.area97.de\/ofi\/?page_id=12"},"modified":"2023-12-12T19:33:52","modified_gmt":"2023-12-12T18:33:52","slug":"mitglieder","status":"publish","type":"page","link":"https:\/\/www.area97.de\/ofi\/?page_id=12","title":{"rendered":"mitglied"},"content":{"rendered":"<p><img loading=\"lazy\" decoding=\"async\" class=\"alignright size-full wp-image-724\" style=\"border: 1px solid black; margin: 10px;\" title=\"Unite\" src=\"https:\/\/www.area97.de\/ofi\/wp-content\/uploads\/2008\/09\/Unite.jpg\" alt=\"Unite\" width=\"200\" height=\"200\" srcset=\"https:\/\/www.area97.de\/ofi\/wp-content\/uploads\/2008\/09\/Unite.jpg 200w, https:\/\/www.area97.de\/ofi\/wp-content\/uploads\/2008\/09\/Unite-150x150.jpg 150w\" sizes=\"auto, (max-width: 200px) 100vw, 200px\" \/><\/p>\n<p style=\"margin-top: 30px; text-align: left;\"><span style=\"font-family: 'Lucida Grande',Arial,Helvetica,sans-serif; font-size: 16px; letter-spacing: -1.0px;\"><strong>Warum sollte ich denn Mitglied werden?<\/strong><\/span><\/p>\n<p>Erstmal vorweg: Niemand mu\u00df Mitglied werden! Auch nicht, um z.B. im FanProjekt oder auf unseren Busfahrten etc. willkommen zu sein! Bei allen (quasi \u00f6ffentlichen) Veranstaltungen sind immer VfB-Freunde, die kein Mitglied in der OFI sind, wirklich gerne gesehen, sogar erw\u00fcnscht!<\/p>\n<p><strong>Aber es gibt nat\u00fcrlich dennoch gute Gr\u00fcnde, \u00fcber eine Mitgliedschaft nachzudenken, denn&#8230;<\/strong><\/p>\n<p style=\"padding-left: 20px;\"><img decoding=\"async\" src=\"https:\/\/www.area97.de\/ofi\/wp-content\/themes\/arras-theme\/images\/listbullet01.gif\" alt=\"\"> du unterst\u00fctzt damit finanziell die unheimlich wichtige Basis der VfB-Fanszene, das FanProjekt. Denn das kostet uns Miete.<\/p>\n<p style=\"padding-left: 20px;\"><img decoding=\"async\" src=\"https:\/\/www.area97.de\/ofi\/wp-content\/themes\/arras-theme\/images\/listbullet01.gif\" alt=\"\"> du bekommst Zugang zu unserem (internen) Internet-Forum.<\/p>\n<p style=\"padding-left: 20px;\"><img decoding=\"async\" src=\"https:\/\/www.area97.de\/ofi\/wp-content\/themes\/arras-theme\/images\/listbullet01.gif\" alt=\"\"> du lernst viele Fans direkter durch unseren erh\u00f6hten Kontakt kennen.<\/p>\n<p style=\"padding-left: 20px;\"><img decoding=\"async\" src=\"https:\/\/www.area97.de\/ofi\/wp-content\/themes\/arras-theme\/images\/listbullet01.gif\" alt=\"\"> du erf\u00e4hrst oftmals eher als so manch Anderer die aktuellsten Neuigkeiten rund um das Fanleben.<\/p>\n<p style=\"padding-left: 20px;\"><img decoding=\"async\" src=\"https:\/\/www.area97.de\/ofi\/wp-content\/themes\/arras-theme\/images\/listbullet01.gif\" alt=\"\"> du kannst bei vielen Dingen der Fanszene dein Wort miteinbringen &amp; mitgestalten.<\/p>\n<p style=\"padding-left: 20px;\"><img decoding=\"async\" src=\"https:\/\/www.area97.de\/ofi\/wp-content\/themes\/arras-theme\/images\/listbullet01.gif\" alt=\"\"> du kommst n\u00e4her mit dem Verein und seinen Vertretern in Kontakt.<\/p>\n<p style=\"padding-left: 20px;\"><img decoding=\"async\" src=\"https:\/\/www.area97.de\/ofi\/wp-content\/themes\/arras-theme\/images\/listbullet01.gif\" alt=\"\"> du schafftst durch dein Mitwirken eine gr\u00f6\u00dfere Lobby f\u00fcr uns Fans.<\/p>\n<p style=\"padding-left: 20px;\"><img decoding=\"async\" src=\"https:\/\/www.area97.de\/ofi\/wp-content\/themes\/arras-theme\/images\/listbullet01.gif\" alt=\"\"> du bekommst bei einigen Dingen (z.B. Ausw\u00e4rtsfahrten, Fanartikeln) einen &#8222;Freundschaftspreis&#8220;.<\/p>\n<p style=\"margin-top: 30px; text-align: left;\"><span style=\"font-family: 'Lucida Grande',Arial,Helvetica,sans-serif; font-size: 16px; letter-spacing: -1.0px;\"><strong>Und wie wirst du Mitglied?<\/strong><\/span><\/p>\n<figure id=\"attachment_429\" aria-describedby=\"caption-attachment-429\" style=\"width: 120px\" class=\"wp-caption alignright\"><img loading=\"lazy\" decoding=\"async\" class=\"size-full wp-image-429     \" title=\"Mitgliedsantrag\" src=\"https:\/\/www.area97.de\/ofi\/wp-content\/uploads\/2008\/09\/Mitgliedsantrag.gif\" alt=\"Mitgliedsantrag\" width=\"120\" height=\"169\"><figcaption id=\"caption-attachment-429\" class=\"wp-caption-text\"><a href=\"https:\/\/www.area97.de\/ofi\/wp-content\/uploads\/2023\/12\/Mitgliedsantrag-OFI.pdf\" target=\"_blank\" rel=\"noopener\">Mitgliedsantrag als PDF herunterladen<\/a><\/figcaption><\/figure>\n<p>Entweder einfach zu den \u00d6ffnungszeiten ins FanProjekt kommen oder im Stadion (z.B. am OFImobil\/Block J-Schild) oder bei unseren Busfahrten nach einem Mitgliedsantrag fragen, ausf\u00fcllen und einreichen. Mit deiner Unterschrift akzeptierst du nat\u00fcrlich unsere Satzung. Beim n\u00e4chstm\u00f6glichen OFI-Mitgliederplenum wird dann \u00fcber deine Aufnahme abgestimmt. Das ist mehr oder weniger nur ein formeller Vorgang, also keine Hemmungen!<\/p>\n<p>Du solltest dann einen Dauerauftrag einrichten (Kontodaten auf dem Mitgliedsantrag). Nach Erhalt des ersten Beitrages wirst du f\u00fcr weitere Kommunikationskan\u00e4le durch den Vorstand freigeschaltet.<\/p>\n<p>Ansonsten kostet eine OFI-Mitgliedschaft monatlich&#8230;<\/p>\n<p><img decoding=\"async\" style=\"margin-left: 20px;\" src=\"https:\/\/www.area97.de\/ofi\/wp-content\/themes\/arras-theme\/images\/listbullet01.gif\" alt=\"\"> <strong>7,50 Euro<\/strong> normal<\/p>\n<p><img decoding=\"async\" style=\"margin-left: 20px;\" src=\"https:\/\/www.area97.de\/ofi\/wp-content\/themes\/arras-theme\/images\/listbullet01.gif\" alt=\"\"> <strong>5 Euro<\/strong> f\u00fcr U18er<\/p>\n<p><img decoding=\"async\" style=\"margin-left: 20px;\" src=\"https:\/\/www.area97.de\/ofi\/wp-content\/themes\/arras-theme\/images\/listbullet01.gif\" alt=\"\"> <strong>mind. 7,50 Euro&nbsp;<\/strong>f\u00fcr F\u00f6rdermitgliedschaft<\/p>\n<p><a href=\"https:\/\/www.area97.de\/ofi\/wp-content\/uploads\/2008\/09\/Mitgliedsausweis1.gif\"><img loading=\"lazy\" decoding=\"async\" class=\"alignleft size-full wp-image-442\" title=\"Mitgliedsausweis\" src=\"https:\/\/www.area97.de\/ofi\/wp-content\/uploads\/2008\/09\/Mitgliedsausweis1.gif\" alt=\"Mitgliedsausweis\" width=\"199\" height=\"126\"><\/a>Zus\u00e4tzlich erh\u00e4ltst du dann im Nachhinein einen Mitgliedsausweis und kannst dich im OFI-Forum registrieren. Willkommen!<\/p>\n<p>Wenn du weitere Fragen hast, wende dich einfach an unsere Mitgliederverwaltung (siehe folgenden Kontakt).<\/p>\n<p><img decoding=\"async\" style=\"margin-top: 5px;\" src=\"https:\/\/www.area97.de\/ofi\/wp-content\/themes\/arras-theme\/images\/dottedline02.gif\" alt=\"\"><\/p>\n<p><img decoding=\"async\" style=\"margin-left: 0px; margin-top: -10px;\" src=\"https:\/\/www.area97.de\/ofi\/wp-content\/themes\/arras-theme\/images\/arrow_40_right.png\" alt=\"\"><\/p>\n<p style=\"margin-top: -58px; margin-left: 50px; text-align: left;\"><span style=\"color: black; font-family: 'Lucida Grande',Arial,Helvetica,sans-serif; font-size: 24px; letter-spacing: -1.8px;\"><strong>kontor<\/strong><\/span><span style=\"color: grey; font-size: 13;\"> Mitgliederverwaltung, Finanzen &amp; Einkauf<\/span><\/p>\n<p style=\"padding-left: 50px; margin-top: -19px;\"><img decoding=\"async\" src=\"https:\/\/www.area97.de\/ofi\/wp-content\/themes\/arras-theme\/images\/listbullet01.gif\" alt=\"\"><strong> <a title=\"Email an Gruppe 'kontor'\" href=\"mailto:kontor@ofi-oldenburg.org?subject=[OFI_kontor]%20\" target=\"_blank\" rel=\"noopener\">kontor@ofi-oldenburg.org<\/a><\/strong><img decoding=\"async\" style=\"margin-left: -50px; margin-top: 5px;\" src=\"https:\/\/www.area97.de\/ofi\/wp-content\/themes\/arras-theme\/images\/dottedline02.gif\" alt=\"\"><\/p>\n","protected":false},"excerpt":{"rendered":"<p>Warum sollte ich denn Mitglied werden? Erstmal vorweg: Niemand mu\u00df Mitglied werden! Auch nicht, um z.B. im FanProjekt oder auf unseren Busfahrten etc. willkommen zu &hellip; <\/p>\n","protected":false},"author":1,"featured_media":0,"parent":2,"menu_order":2,"comment_status":"open","ping_status":"open","template":"","meta":{"ngg_post_thumbnail":0,"cybocfi_hide_featured_image":"","footnotes":""},"class_list":["post-12","page","type-page","status-publish","hentry"],"_links":{"self":[{"href":"https:\/\/www.area97.de\/ofi\/index.php?rest_route=\/wp\/v2\/pages\/12","targetHints":{"allow":["GET"]}}],"collection":[{"href":"https:\/\/www.area97.de\/ofi\/index.php?rest_route=\/wp\/v2\/pages"}],"about":[{"href":"https:\/\/www.area97.de\/ofi\/index.php?rest_route=\/wp\/v2\/types\/page"}],"author":[{"embeddable":true,"href":"https:\/\/www.area97.de\/ofi\/index.php?rest_route=\/wp\/v2\/users\/1"}],"replies":[{"embeddable":true,"href":"https:\/\/www.area97.de\/ofi\/index.php?rest_route=%2Fwp%2Fv2%2Fcomments&post=12"}],"version-history":[{"count":53,"href":"https:\/\/www.area97.de\/ofi\/index.php?rest_route=\/wp\/v2\/pages\/12\/revisions"}],"predecessor-version":[{"id":4688,"href":"https:\/\/www.area97.de\/ofi\/index.php?rest_route=\/wp\/v2\/pages\/12\/revisions\/4688"}],"up":[{"embeddable":true,"href":"https:\/\/www.area97.de\/ofi\/index.php?rest_route=\/wp\/v2\/pages\/2"}],"wp:attachment":[{"href":"https:\/\/www.area97.de\/ofi\/index.php?rest_route=%2Fwp%2Fv2%2Fmedia&parent=12"}],"curies":[{"name":"wp","href":"https:\/\/api.w.org\/{rel}","templated":true}]}}